rs of 67206?
2, 3, 23, 487
List the prime factors of 281520.
2, 3, 5, 17, 23
What are the prime factors of 1391164?
2, 293, 1187
What are the prime factors of 4830834?
2, 3, 61, 67, 197
What are the prime factors of 24569732?
2, 11, 31, 18013
List the prime factors of 102870.
2, 3, 5, 127
What are the prime factors of 19366477?
13, 1489729
List the prime factors of 47977.
47977
List the prime factors of 117236.
2, 7, 53, 79
What are the prime factors of 81691?
151, 541
List the prime factors of 2110939.
29, 83, 877
List the prime factors of 12348089.
13, 949853
List the prime factors of 18890034.
2, 3, 3148339
List the prime factors of 3803257.
17, 23, 71, 137
List the prime factors of 4932395.
5, 13, 75883
List the prime factors of 50457.
3, 11, 139
What are the prime factors of 85075?
5, 41, 83
What are the prime factors of 17420672?
2, 136099
What are the prime factors of 188317?
188317
List the prime factors of 1327301.
29, 37, 1237
What are the prime factors of 1530784?
2, 47837
List the prime factors of 1938759.
3, 646253
What are the prime factors of 389772?
2, 3, 401
List the prime factors of 156032.
2, 23, 53
List the prime factors of 1516722.
2, 3, 449, 563
List the prime factors of 1448418.
2, 3, 163, 1481
What are the prime factors of 342969?
3, 11, 19, 547
List the prime factors of 4320034.
2, 2160017
List the prime factors of 162414.
2, 3, 7, 1289
What are the prime factors of 253834?
2, 7, 18131
List the prime factors of 9039041.
11, 19, 61, 709
List the prime factors of 130344.
2, 3, 5431
What are the prime factors of 656831?
7, 103, 911
List the prime factors of 9424161.
3, 349043
What are the prime factors of 1477952?
2, 7, 3299
What are the prime factors of 2763896?
2, 345487
What are the prime factors of 7134960?
2, 3, 5, 7, 31, 137
What are the prime factors of 8675662?
2, 137, 31663
What are the prime factors of 88696?
2, 11087
What are the prime factors of 2812046?
2, 131, 10733
List the prime factors of 603529.
603529
What are the prime factors of 40589?
37, 1097
What are the prime factors of 2398386?
2, 3, 399731
List the prime factors of 5838845.
5, 89, 13121
What are the prime factors of 838758?
2, 3, 43, 3251
What are the prime factors of 29152464?
2, 3, 11, 55213
List the prime factors of 12552688.
2, 784543
What are the prime factors of 1372785?
3, 5, 71, 1289
List the prime factors of 39528670.
2, 5, 1373, 2879
List the prime factors of 377694.
2, 3, 20983
List the prime factors of 1263594.
2, 3, 210599
What are the prime factors of 303798?
2, 3, 11, 4603
What are the prime factors of 179155?
5, 35831
What are the prime factors of 774226?
2, 23, 16831
List the prime factors of 393915.
3, 5, 26261
List the prime factors of 290925.
3, 5, 431
What are the prime factors of 1545173?
7, 71, 3109
List the prime factors of 15341154.
2, 3, 727, 3517
List the prime factors of 18562796.
2, 7, 662957
List the prime factors of 19705.
5, 7, 563
List the prime factors of 1787040.
2, 3, 5, 17, 73
What are the prime factors of 241337?
241337
What are the prime factors of 2275879?
2275879
What are the prime factors of 977604?
2, 3, 41, 1987
List the prime factors of 2546238.
2, 3, 23, 18451
List the prime factors of 37925567.
37925567
List the prime factors of 1625883.
3, 7, 139, 557
What are the prime factors of 884297?
29, 30493
List the prime factors of 1638507.
3, 13, 42013
What are the prime factors of 179615?
5, 35923
List the prime factors of 1783451.
271, 6581
What are the prime factors of 11790866?
2, 631, 9343
What are the prime factors of 1216820?
2, 5, 11, 5531
What are the prime factors of 1670069?
37, 45137
List the prime factors of 24523578.
2, 3, 1362421
List the prime factors of 617455.
5, 123491
List the prime factors of 695066.
2, 347533
What are the prime factors of 6997229?
6997229
What are the prime factors of 334019?
7, 47717
What are the prime factors of 599140?
2, 5, 29, 1033
What are the prime factors of 222726?
2, 3, 7, 5303
What are the prime factors of 420853?
420853
List the prime factors of 386816.
2, 1511
List the prime factors of 498374.
2, 249187
What are the prime factors of 474934?
2, 237467
What are the prime factors of 110602?
2, 17, 3253
What are the prime factors of 661157?
7, 103, 131
What are the prime factors of 178294?
2, 239, 373
What are the prime factors of 254452?
2, 11, 5783
What are the prime factors of 2235057?
3, 11, 89, 761
List the prime factors of 273152.
2, 11, 97
List the prime factors of 2085269.
19, 109751
List the prime factors of 9513074.
2, 4756537
List the prime factors of 2680135.
5, 17, 31531
What are the prime factors of 33234786?
2, 3, 13, 43, 367
List the prime factors of 1755027.
3, 47, 461
List the prime factors of 13434424.
2, 29, 79, 733
What are the prime factors of 377500?
2, 5, 151
What are the prime factors of 231234?
2, 3, 17, 2267
List the prime factors of 1727626.
2, 47, 18379
List the prime factors of 417169.
417169
List the prime factors of 134035.
5, 11, 2437
List the prime factors of 67962.
2, 3, 47, 241
List the prime factors of 234220.
2, 5, 7, 239
List the prime factors of 614506.
2, 307253
List the prime factors of 994473.
3, 47, 2351
What are the prime factors of 21333908?
2, 29, 353, 521
What are the prime factors of 9577095?
3, 5, 11, 58043
List the prime factors of 950238.
2, 3, 17597
What are the prime factors of 120160?
2, 5, 751
What are the prime factors of 5046924?
2, 3, 31, 13567
What are the prime factors of 492853?
492853
List the prime factors of 370598.
2, 185299
List the prime factors of 1188268.
2, 297067
What are the prime factors of 772468?
2, 113, 1709
List the prime factors of 160878.
2, 3, 26813
What are the prime factors of 11705630?
2, 5, 1170563
List the prime factors of 1289559.
3, 429853
What are the prime factors of 2282079?
3, 760693
List the prime factors of 5742749.
5742749
List the prime factors of 1052551.
1052551
What are the prime factors of 7762634?
2, 11, 32077
What are the prime factors of 3696038?
2, 17, 108707
What are the prime factors of 1163595?
3, 5, 77573
List the prime factors of 1618367.
1618367
What are the prime factors of 1096851?
3, 7, 19, 2749
What are the prime factors of 525301?
7, 101, 743
What are the prime factors of 38786214?
2, 3, 17, 73, 5209
List the prime factors of 169972.
2, 11, 3863
What are the prime factors of 3691348?
2, 101, 9137
List the prime factors of 3155611.
103, 30637
What are the prime factors of 29616692?
2, 7, 1057739
What are the prime factors of 274498?
2, 7, 2801
What are the prime factors of 33885265?
5, 19, 18773
List the prime factors of 29901468.
2, 3, 61, 40849
List the prime factors of 133759.
181, 739
What are the prime factors of 348219?
3, 1433
What are the prime factors of 14534697?
3, 4844899
What are the prime factors of 1192422?
2, 3, 7, 11, 29, 89
What are the prime factors of 88911?
3, 37, 89
List the prime factors of 1516762.
2, 13, 58337
List the prime factors of 2163356.
2, 13, 41603
List the prime factors of 2563622.
2, 127, 10093
List the prime factors of 5586875.
5, 7, 1277
List the prime factors of 7694689.
7694689
List the prime factors of 5016948.
2, 3, 418079
List the prime factors of 483119.
7, 13, 5309
List the prime factors of 64627.
64627
List the prime factors of 1372641.
3, 457547
List the prime factors of 4784.
2, 13, 23
List the prime factors of 27089.
103, 263
What are the prime factors of 4031133?
3, 73, 79, 233
What are the prime factors of 10523797?
10523797
List the prime factors of 11163440.
2, 5, 47, 2969
List the prime factors of 297619.
7, 17, 41, 61
List the prime factors of 18984791.
7, 113, 24001
List the prime factors of 11135698.
2, 7, 113, 7039
What are the prime factors of 1323386?
2, 29, 22817
List the prime factors of 240908.
2, 229, 263
List the prime factors of 722495.
5, 229, 631
List the prime factors of 2117120.
2, 5, 827
List the prime factors of 35728.
2, 7, 11, 29
List the prime factors of 22388.
2, 29, 193
What are the prime factors of 3310972?
2, 7, 118249
What are the prime factors of 10299378?
2, 3, 31, 55373
List the prime factors of 3098356.
2, 774589
What are the prime factors of 1092350?
2, 5, 7, 3121
List the prime factors of 558356.
2, 139589
List the prime factors of 597355.
5, 11, 10861
List